ors of 952/f - (-6)/15?
2, 3
Suppose -l + 38709 = 8*l. List the prime factors of (l/(-22))/((-2)/4).
17, 23
Let k be 2002/44*4/14. Let j(q) = 10*q**2 - 69*q - 14. List the prime factors of j(k).
19, 41
Suppose h - 90 = -h - 2*y, 0 = 5*y + 15. Suppose -5*j = -17*j + h. Suppose -j*t + 9*t = 395. What are the prime factors of t?
79
Let a = 56 + -224. Let r be ((-10)/(-15))/(4/a). List the prime factors of (10/7)/((-4)/r).
2, 5
What are the prime factors of 190/4*16/(-32)*-452?
5, 19, 113
Suppose 4*o - z = 9615, 17187 = 5*o + 5*z + 5187. Suppose -753 - o = -3*q. What are the prime factors of q?
2, 263
Let h(r) be the second derivative of 3*r**5/20 - 5*r**4/6 + 11*r**3/6 + r**2/2 + 2*r + 11. List the prime factors of h(7).
617
Let m = -7840 + 13163. What are the prime factors of m?
5323
Let d(a) = 689*a**2 - 106*a + 100. List the prime factors of d(6).
2, 6067
Suppose -748437 = -98*q + 79761. What are the prime factors of q?
3, 313
Suppose -5*r + 10 = 2*d - 6*d, 5*d = 0. Suppose -4*k + r*z = -2020, -4*k + 2524 = k - 2*z. What are the prime factors of k?
2, 3, 7
Let p(v) be the third derivative of -1/6*v**3 - 31*v**2 + 0 + 0*v + 43/24*v**4. List the prime factors of p(3).
2
Let q(g) = 2*g - 1. Let c(w) = 18*w + 77. Let h(n) = -c(n) - 5*q(n). What are the prime factors of h(-9)?
2, 3, 5
Let c(k) = -24*k - 12. Let t(i) = -24*i - 10. Let j(n) = 3*c(n) - 2*t(n). Let d be (5/(-3))/((-6)/(-18)). What are the prime factors of j(d)?
2, 13
Let w be (3 + -2)/((-2 - 1)/(-363)). Suppose 28 = w*k - 117*k. Suppose -319 = -k*c + 535. What are the prime factors of c?
2, 61
Let q = 58869 - 28331. What are the prime factors of q?
2, 15269
Suppose -15 = 4*o + 3*h, 2*o - 4 = 5*o - 5*h. Let x be (o - -2)/((-4)/8). Suppose -5*c = -x*k + 318, 0*k - 157 = -k + 2*c. What are the prime factors of k?
149
Let r(y) = -161*y - 35. Let q be r(-4). Suppose -q = -m - 2*c, -619 = -m - 7*c + 3*c. What are the prime factors of m?
599
Let g(k) = k**2 + 23*k + 21. Let b be g(-9). Let q = -102 - b. Suppose -4*j - 19 = -7, -5*y + q*j + 174 = 0. List the prime factors of y.
3, 11
Let s(a) = -2*a**3 - 2*a**2 - 5*a + 10. Suppose -5*h + 241 = -64. Let k = -66 + h. List the prime factors of s(k).
5, 47
Suppose 5*g - 592 = -2*a, -4*a - 455 + 79 = -3*g. Let q = -45 + g. List the prime factors of q.
3, 5
Let h(t) = -547*t - 797. List the prime factors of h(-88).
47339
Let w = -31746 - -55687. What are the prime factors of w?
89, 269
Let y(x) = -4*x - 7 - 2*x + 2*x**3 - 3*x**3 + 3*x + 15*x**2. Let q = -15 - -29. List the prime factors of y(q).
3, 7
Suppose -3809 = -3*p + 63*v - 61*v, 5*p - 3*v = 6348. Let c = p - 842. List the prime factors of c.
7, 61
Suppose 1832 = 21*w - 20*w. Suppose -7*s + w = -3*s. What are the prime factors of s?
2, 229
Let t(w) = 3*w**2 + 46*w + 98. Let x be t(-29). Suppose x = 4*a + 5*a. List the prime factors of a.
11, 13
Suppose 152*q - 156*q = -13852. Suppose 7 = -16*x + q. What are the prime factors of x?
2, 3
Let y(s) be the second derivative of -s**3/6 - s**2/2 - 21*s. Let d(n) = 36*n + 44. Let x(g) = -4*d(g) - 176*y(g). List the prime factors of x(3).
2, 3
Let f(n) be the second derivative of 37*n + 3*n**2 + 5/6*n**4 + 1/20*n**5 + 0 - 25/6*n**3. List the prime factors of f(-11).
2, 5
Suppose 17822 - 37684 - 80959 = -7*w. List the prime factors of w.
3, 4801
Suppose 0 = -5*x - 20, -2*r + 7580 = 5*x - 5140. Suppose -3*z - r = -5*n, 0*n + 2539 = 2*n - 3*z. What are the prime factors of n?
1277
Suppose u - 5*y = 77, 5*u = 2*u - 4*y + 193. Let p = u - -8. List the prime factors of p.
3, 5
What are the prime factors of (-12 - -2)/(124/(-30) - (18 - 22))?
3, 5
Suppose -19*a = -6598 - 27944. List the prime factors of a.
2, 3, 101
Let v be 37 + 1 + (-10)/(-5). Let a = 405 - v. What are the prime factors of a?
5, 73
Suppose 4*t = p - 4*p + 528, 2*t = -5*p + 880. Let s = p - 170. What are the prime factors of s?
2, 3
Suppose 113 = -4*m - k - 47, -3*m = 3*k + 120. What are the prime factors of (0 + 8)*(-7415)/m?
1483
Let g be 706 + 0/(-2) + 8 + -4. Suppose g = 34*m - 33*m. List the prime factors of m.
2, 5, 71
Let y = 492 + -490. List the prime factors of ((-1)/((-5)/y))/((-89)/(-118370)).
2, 7, 19
Let v = 36148 - -2153. What are the prime factors of v?
3, 17, 751
Let b be (-2 - 1071/14)*(1 - 3). Suppose v - 4*o - 160 = 0, -b = 2*v - 3*o - 472. What are the prime factors of v?
2, 3, 13
Let r(d) = d**3 + 8*d**2 - 11*d - 16. Let h be r(-9). Let p(b) be the first derivative of 58*b**2 - 3*b + 96. List the prime factors of p(h).
229
Let q be 74/5 - 405/225. Let g(r) = -r**3 - r - 82. Let p be g(0). Let m = q - p. What are the prime factors of m?
5, 19
Suppose -1502 = d - 2*d. Let v = d + -275. Suppose -15*n = -v - 633. List the prime factors of n.
2, 31
Let m = -7925 - -18394. What are the prime factors of m?
19, 29
Suppose 2*d = 4*n - 18, 5*n = -4*d + 2*d. Let t(u) = 21*u**2 + 2*u + 2. List the prime factors of t(n).
2, 3, 5
Let v = -959 - -881. Let j = v + 1347. List the prime factors of j.
3, 47
Let q(o) = -2047*o + 1513. List the prime factors of q(-9).
2, 7, 89
List the prime factors of 43020 + 1 - (-338 - -329).
2, 5, 13, 331
Let j(u) = 12*u + 10039. What are the prime factors of j(59)?
11, 977
Let z be (-1 - (-2 - -2)) + (36 - 16). Suppose 4*o - z*o = -3000. Suppose c - v = -2*c + o, 3*c - 192 = 3*v. What are the prime factors of c?
2, 17
Suppose 2*l + 4 = 3*l. Let q(s) = 29*s**3 - s**2 - 21*s + 60. List the prime factors of q(l).
2, 227
Suppose 148*f - 1468176 = 75*f. What are the prime factors of f?
2, 3, 419
What are the prime factors of ((-19)/2)/1*6/15*-23585?
19, 53, 89
List the prime factors of 61/122 + (-76905)/(-6).
2, 13, 17, 29
Let y = -764 - -5388. List the prime factors of y.
2, 17
Suppose -6*h + 16 = -32. Let t(a) = -a**2 + 16*a - 27. List the prime factors of t(h).
37
Let w = 2796 - -5751. List the prime factors of w.
3, 7, 11, 37
Suppose 0 = -3*u - 2*t + 8663 + 32833, 5*u - 69153 = -t. List the prime factors of u.
2, 3, 5, 461
Suppose -12 = 3*l, -z + 5*l - 368 = 436. Let u = -758 - z. What are the prime factors of u?
2, 3, 11
Suppose 268197 - 2300979 = -86*n. What are the prime factors of n?
3, 7879
Suppose -2*q - 6 = q, -4*f - 5*q = -14. Suppose 0 = -5*h - f + 31. Suppose -60 = -6*y + h*y. What are the prime factors of y?
2, 3, 5
Let c be (-1)/5 + (27/(-15) - 2). Let j be (-1)/(28/22924) + c/14. What are the prime factors of j/(-4) - (65/(-20) - -3)?
5, 41
Let t be ((-1)/7)/(7/(-24941)). Let s = t - 374. List the prime factors of s.
3, 5
Let z(g) = 2*g - 8. Let i be z(6). Let m be ((4 - 2) + -3)/(i/(-4)). Let y(r) = 72*r**2. What are the prime factors of y(m)?
2, 3
Let a(z) be the first derivative of -19/2*z**2 - 7*z - 22. List the prime factors of a(-3).
2, 5
Let l be (128/10 - -4)/(4/90). Suppose 0 = -2*g + 3*t + l, 217 = -4*g + 5*t + 969. Let m = 355 - g. What are the prime factors of m?
2, 43
Let a be (0 - -5) + 28/(-14). Suppose -z - a = -7. Suppose z*d = 11*d - 882. List the prime factors of d.
2, 3, 7
What are the prime factors of (20/7)/((-588)/(-5311698))?
2, 5, 29, 89
Suppose 2*r - 366 + 344 = 0. Suppose r*g = 8*g + 12, 0 = 2*b - 3*g - 2012. List the prime factors of b.
2, 11, 23
Let b(z) = 1628*z**2 - 7*z - 8. Let j be b(-1). Suppose 5*d = -5*l + 463 + j, 0 = 4*l + 5*d - 1672. What are the prime factors of l?
2, 11, 19
Suppose -2*c + 1592 = 2*c. Suppose -19 = z - c. What are the prime factors of z?
379
Let r(x) = 257*x - 248. What are the prime factors of r(21)?
19, 271
Let z(h) = 664*h + 1705. List the prime factors of z(10).
5, 1669
Let s(x) = -x**2 + 16*x - 36. Let w be s(13). Suppose 468 = h + 3*u, w*u + 0 - 15 = 0. What are the prime factors of h?
3, 151
Let h = 438 - -288. Let c = -572 + h. List the prime factors of c.
2, 7, 11
Let v be 1/(1 - (1 - -1)). Let t(h) = -180*h**3 + 63*h**3 + 94*h**3. What are the prime factors of t(v)?
23
Suppose 4*t - 503 = 13. Suppose 2*o + t - 57 = 0. What are the prime factors of ((-135)/o)/(6/32)?
2, 5
Suppose -r = 35*r - 144288. Suppose r + 8994 = 22*u. What are the prime factors of u?
3, 197
Let y be (-60336)/(-60)*25/10. Suppose 3102 = 18*k - y. List the prime factors of k.
2, 3, 13
Let f(p) = -5*p - 48. Let m be (14/(-6))/(5/90*2). Let x be f(m). Let g = 99 - x. What are the prime factors of g?
2, 